n = -n - l. Determine u(n).
10
Let o(d) be the first derivative of -5*d - 2 + 1/4*d**4 - 3/2*d**2 - d**3. Give o(4).
-1
Let d be 12/(-8)*(-4)/6. Let i(y) = 2*y - 2*y - 2*y - d. Give i(3).
-7
Let k(s) be the first derivative of s**4 - 1/3*s**3 - 1 - s + 1/2*s**2. Let d = 2 - 1. Calculate k(d).
3
Let a(c) be the first derivative of -c**4/4 - 2*c**3 - 2*c**2 + 4*c - 7. Calculate a(-5).
-1
Let v(o) = o**3 - 20*o**2 - 2*o + 42. Let h be v(20). Let c(a) = a**3 - a - 2. Determine c(h).
4
Suppose 5*z + 4*f - 13 = 0, 0 = -3*z + 5*z + f - 4. Let n(k) = -k**2 - 1. Determine n(z).
-2
Let p be ((-48)/(-10))/(-6)*30/4. Let c(m) = -2*m - 3. Give c(p).
9
Let l = 8 - 3. Suppose 20 = -3*s + l, -3*j + s + 11 = 0. Let n = j + -4. Let w(k) = k**3 + 4*k**2 + 2*k - 1. Calculate w(n).
3
Let m(q) be the first derivative of -q**2/2 - 3*q + 35. Give m(4).
-7
Let g(t) = 148 + 4*t + 0*t - 150. Determine g(2).
6
Let t be (-2)/2 - (-3 + 2). Suppose 5*u - 1 + 11 = t, -4*f + 4*u - 16 = 0. Let l(i) = i**3 + 7*i**2 + 7*i - 2. What is l(f)?
-8
Let o(p) = 2*p**3 + 2*p**2 - 5*p. Let a(w) = -w**2 - 4*w - 5*w + 10*w. Let v(f) = 4*a(f) + o(f). Give v(2).
6
Let y(g) = -2*g + 7. Let f(j) = -j**2 + 9*j + 5. Let u be f(9). Determine y(u).
-3
Let o(w) = w**2 - 10*w + 16. Let l be o(6). Let j(t) = t**3 + 9*t**2 + 10*t + 12. Give j(l).
-4
Let h(f) = -f**3 + 7*f**2 - 8*f + 15. Let a be h(6). Let m(b) = b + 3. Calculate m(a).
6
Let q(c) be the second derivative of c**5/20 - 5*c**4/12 + c**3/6 - c**2 - 16*c. Suppose -3*h + 5 = -10. Calculate q(h).
3
Let w(r) = r + 1 + 0 - 1. What is w(1)?
1
Let y(p) = -2*p + 1. Let a be y(1). Let h be 6/6 + 5*a. Let f(l) = l**2 + 4*l + 5. Determine f(h).
5
Suppose 2 = 3*x - 4. Suppose -3*m + 2*t = -14, -2*t - x = -2*m + 8. Let h(b) = b**2 - 2*b - 5. What is h(m)?
3
Suppose 3*i = 15 - 6. Let s(p) be the first derivative of 3*p**2 + 4*p - 1/3*p**i + 3. What is s(6)?
4
Let i be (-4)/3 - 1/(-3). Let l(n) = 8*n + 1. Give l(i).
-7
Let x(b) = -b**3 - b + 1. Let z(n) = -2*n - 2*n**3 - 2 - 4*n**2 + 1 + 7*n. Suppose 0 = j + 3*j + 4. Let h(q) = j*z(q) + x(q). Determine h(-5).
7
Let w(h) be the first derivative of -h**2 - h + 3. What is w(4)?
-9
Suppose 4*u - 14 = 3*b, -3*b - 12 = -u - 2*u. Let q(h) = 4*h - 4*h + h**u + h. Let w = -1 + 2. Calculate q(w).
2
Let p(f) = -f**3 + f + 7. Let s be 5 + -7 - (-2 - 0). Calculate p(s).
7
Suppose -31 = 5*u + 9. Let t = 15 + u. Let p = t + -7. Let f(l) = -l**2 + l + 2. Determine f(p).
2
Let p(x) = -2*x - 5. Let v be (-9)/2 - (-60)/(-40). What is p(v)?
7
Let i(c) be the third derivative of c**5/15 - c**4/24 + 3*c**2. Let m be i(1). Let h(j) = 0*j**3 + j**3 + j - 6 - 4*j**2 + 0*j**m + 9*j**2. What is h(-5)?
-11
Let t(v) = -3*v**3 - 22*v**2 + 7*v + 25. Let o(w) = -w**3 - 7*w**2 + 2*w + 8. Let l(i) = -7*o(i) + 2*t(i). Let c = -9 + 6. Let m be -5*1*(-3)/c. What is l(m)?
-6
Let a(b) = b - 1. Let m be (-6 + 3)*(-20)/12. Let i be m/2*(-6 - -8). What is a(i)?
4
Let i be (0 - 1)/((-4)/20). Let l(u) = 0 - u + i - 6 - 7*u**2 + 0. Calculate l(-1).
-7
Let w(y) = 2*y - 4. Let r be w(5). Let l(h) = 0*h - h**2 - r + 4*h + h. What is l(5)?
-6
Let c(y) be the first derivative of -3/2*y**2 - 4/3*y**3 - 5*y + 3 + 1/4*y**4. What is c(5)?
5
Let g(a) = a**2 + 7*a - 13. Suppose 9 = -53*b + 52*b. Calculate g(b).
5
Let h(z) be the first derivative of 3/2*z**2 + 3 + 0*z. Calculate h(-3).
-9
Let m be (4 - (8 - 1))*2. Let k(t) = t**3 + 7*t**2 + 7*t + 7. Let c be k(m). Let p(j) = 2*j - 1 + j**2 + 6*j**3 - 2*j. Give p(c).
6
Let z(i) be the first derivative of 4*i**3/3 - 3*i**2/2 + 3*i + 4. What is z(2)?
13
Let o(g) = 0 - 3*g**2 - 1 - 9 - g + 9. What is o(-2)?
-11
Suppose 3*y + 5 = 2*y - 4*m, -y + 1 = m. Let p(b) = 5 + 7*b + 2*b**2 + y*b**2 + 1 - b**3 - 2*b. What is p(6)?
0
Suppose g = -2 + 5, 2*r - 5*g + 17 = 0. Let k(j) = -9*j**3 - 5. Let d(o) = 5*o**3 + 3. Let b(y) = -5*d(y) - 3*k(y). Calculate b(r).
-2
Let r(f) = 3*f**3 + 2*f**2 - 1. Let u(n) = n**3 - n**2 - 3*n - 2. Let g be u(-1). Calculate r(g).
-2
Let g = -10 - -16. Let p(l) = l**2 - 6*l + 2. Calculate p(g).
2
Let d = 10 + -8. Let q be (-4)/6 - 8/(-3). Let p(h) = -h**2 - 5*h - q*h + d*h. What is p(-5)?
0
Suppose 3*l - 4*v - 3 = -2*v, 2*v = -l - 7. Let j(h) = -h**2 + h + 1. Give j(l).
-1
Let i(u) = u + 0*u**2 - u**2 + 0*u. Let w(x) = 2*x**2 + x. Let q be w(1). Suppose -4*c - 7 = 5*j - 5*c, -q*j - 21 = 5*c. Calculate i(j).
-6
Let t(s) be the second derivative of s**7/840 + s**6/60 + 7*s**5/120 + s**4/12 - s**3/6 - 3*s. Let c(g) be the second derivative of t(g). What is c(-5)?
-8
Let w(l) = 5*l**3 - l**2 - 3*l + 2. Let i(p) = 6*p**3 - p**2 - 4*p + 3. Let j(g) = -4*i(g) + 5*w(g). Determine j(2).
4
Let r = -24 - -20. Let y(i) = i**3 + 4*i**2 - i - 5. Calculate y(r).
-1
Let x(i) = -i + 6. Let m be x(6). Let w(g) = 6 - 2*g + m*g + 1. Give w(6).
-5
Let u(q) be the third derivative of -q**4/8 + 5*q**3/6 + q**2. Let z(y) = -2*y + 3. Let p(t) = 5*u(t) - 8*z(t). What is p(-4)?
-3
Let s(g) = -5*g - 1. Let i be -1 - (-3)/(-4 - -1). Let v = 4 + i. Suppose h + v - 1 = 0. Determine s(h).
4
Let k(b) = -b**3 - 15*b**2 - b - 8. Let d be k(-15). Let o(l) = 1 + 2*l - 4*l - d + 3*l. What is o(0)?
-6
Suppose p - 2*p + 6 = 0. Suppose 4*y + p = 2*w, -2*y - 10 - 2 = -4*w. Let i(f) = -f**3 - f**2 + f + 6. Calculate i(y).
6
Let u be -2*1 - -1*6. Let m be (-6)/u*(-30)/9. Let l(z) = z**2 - 4*z - 1. What is l(m)?
4
Let a(y) = y - 9. Let v be a(8). Let s(l) = -l + 0*l**3 - l**3 + 0*l. What is s(v)?
2
Let i(c) = -5*c**2 + c + 1. Let w be 4/(-2 - 2) + 0. What is i(w)?
-5
Let a be 1 + 3 + 6 + -8. Let j(b) = 6 + 4*b**3 + b - 6 - a*b. Determine j(1).
3
Let j(x) = -x + 1. Let a be 32/(-14) - (-8)/28. Let m be (a - -1) + 2 + 3. Suppose -o = -m*o + 12. Determine j(o).
-3
Let y(q) = -16*q**3 + 2*q + 1. Suppose -2*m + 8 = 0, i - m - 11 = -4*m. Give y(i).
15
Let x(f) be the first derivative of f**3/3 - 3*f**2 + 7*f - 3. Let j = 4 + -2. Let a(o) = 6*o**2 - 31*o + 36. Let k(m) = j*a(m) - 11*x(m). Calculate k(-4).
-5
Let v(a) = -a**2 + a + 2. Let f be v(0). Let r be (-3)/(-3)*(2 - 0). Let b(j) = 2*j**2 - r*j - 1 + 3*j - j**f. Calculate b(-2).
1
Suppose k = 2*x - 3*k - 22, 0 = -4*x + 2*k + 20. Suppose x*o = 9 - 0. Let d(p) = -p. Let l(g) = 3*g + 1. Let h(c) = 4*d(c) + l(c). Give h(o).
-2
Let l(g) = g**3 + 4*g**2 + 2*g + 2. Let c = 38 + -42. What is l(c)?
-6
Let d(n) = -n + 2. Let a be d(4). Let k(h) be the third derivative of h**4/4 + h**2. What is k(a)?
-12
Let m(p) be the second derivative of -p**5/60 - p**4/6 - p**3/6 + p**2 - 5*p. Let f(w) be the first derivative of m(w). What is f(-4)?
-1
Suppose 0*t - 16 = -3*s - t, -12 = -3*t. Let q = -24 + 42. Suppose 2 = -s*g + q. Let f(c) = c - 4. Calculate f(g).
0
Let r be (-12)/(-15) + 16/5. Suppose -r*q - 5 - 3 = 0. Let a(d) = -d**3 - d**2 - 3*d - 1. Give a(q).
9
Let r be (-3 - -4)/1 + 6. Suppose 1 = 4*g - r. Let s(w) be the third derivative of -w**4/12 - w**2. What is s(g)?
-4
Suppose 4*y + 2*y = 30. Let b(s) be the third derivative of -s**5/40 + s**4/8 + s**3/3 - s**2. Let i(q) be the first derivative of b(q). Calculate i(y).
-12
Let d(x) = -x**3 - 9*x**2 + 4. Let b be d(-9). Let h(j) = -j + 2*j + j**3 - 3 + 0*j**2 + b*j**2. Give h(-3).
3
Suppose 2*a - 6 = 0, -2*a + 15 = -s + a. Let n(u) = -u**2 - 9*u - 7. What is n(s)?
11
Let w(h) = h**3 + 4*h + 3. Let l(m) = -4*m**3 - m**2 - 16*m - 13. Let r(c) = 2*l(c) + 9*w(c). What is r(3)?
22
Let m(h) = 4*h + 0*h - 5*h. Suppose 3*q - i - 17 = 0, -3*i + 1 = 4*q - 0*i. Determine m(q).
-4
Let n(h) = 1. Let z(c) = -4*c + 20. Let r(s) = 24*n(s) - z(s). Determine r(3).
16
Let q(f) = -f**3 - 7*f**2 - 6*f - 2. Suppose 4 = -y - 2. Determine q(y).
-2
Let t(m) be the first derivative of m**7/840 - m**6/90 + m**5/120 + m**4/6 + 2*m**3/3 + 3. Let j(h) be the third derivative of t(h). What is j(4)?
8
Let s(f) = -f - 2. Suppose 0*r + 16 = 4*r. Let k be ((-6)/4)/(6/(-40)). Let n be (8/4)/(r/k). Give s(n).
-7
Let r(f) = f - 1. Let y be r(5). Let t be (8/(-6))/(y/(-6)). Let d(o) be the first derivative of o**2 - 6. What is d(t)?
4
Let j(x) = x**2 + 5*x - 3. Suppose 11*h - 7*h = -20. Let r be j(h). Let o(p) = -p**3 - 2*p**2 + p - 3. Calculate o(r).
3
Let f(p) = -5*p. Let c be 24/6 - (-2 + 5). Calculate f(c).
-5
Let b(k) = 5 + 2 + 3*k - 1 - 2*k. Let y be b(-7). Let s(v) = 5*v - 1. Le